{"id":25,"date":"2018-01-18T23:54:46","date_gmt":"2018-01-18T22:54:46","guid":{"rendered":"http:\/\/clicaclac.com\/?page_id=25"},"modified":"2018-01-30T23:43:49","modified_gmt":"2018-01-30T22:43:49","slug":"accueil","status":"publish","type":"page","link":"https:\/\/clicaclac.com\/","title":{"rendered":"Clic \u00e0 Clac"},"content":{"rendered":"<p class=\"lede\"><em>CLIC \u00e0 CLAC est l\u00e0 pour commenter, vous faire r\u00e9agir.<\/em><\/p>\n<p class=\"lede\"><em>C A C de voir le monde par un prisme n\u00e9gatif\u00a0!<\/em><\/p>\n<p class=\"lede\"><em>C A C d\u2019\u00eatre manipul\u00e9 par des r\u00e9seaux sociaux en qu\u00eate du Buzz\u00a0!<\/em><\/p>\n<p class=\"lede\"><em>C A C de ces donneurs de le\u00e7ons qui nous expliquent ce qu\u2019on pense\u00a0!<\/em><\/p>\n<p class=\"lede\"><em>Ouvrons une nouvelle voie, celle de la libre pens\u00e9e, de l\u2019action, de la lutte contre les clich\u00e9s, la b\u00eatise et le mauvais go\u00fbt.<\/em><\/p>\n","protected":false},"excerpt":{"rendered":"<p>CLIC \u00e0 CLAC est l\u00e0 pour commenter, vous faire r\u00e9agir. C A C de voir le monde par un prisme n\u00e9gatif\u00a0! C A C d\u2019\u00eatre manipul\u00e9 par des r\u00e9seaux sociaux en qu\u00eate du Buzz\u00a0! C A C de ces donneurs de le\u00e7ons qui nous expliquent ce qu\u2019on pense\u00a0! Ouvrons une nouvelle voie, celle de la [&hellip;]<\/p>\n","protected":false},"author":1,"featured_media":131,"parent":0,"menu_order":0,"comment_status":"closed","ping_status":"closed","template":"","meta":[],"_links":{"self":[{"href":"https:\/\/clicaclac.com\/index.php\/wp-json\/wp\/v2\/pages\/25"}],"collection":[{"href":"https:\/\/clicaclac.com\/index.php\/wp-json\/wp\/v2\/pages"}],"about":[{"href":"https:\/\/clicaclac.com\/index.php\/wp-json\/wp\/v2\/types\/page"}],"author":[{"embeddable":true,"href":"https:\/\/clicaclac.com\/index.php\/wp-json\/wp\/v2\/users\/1"}],"replies":[{"embeddable":true,"href":"https:\/\/clicaclac.com\/index.php\/wp-json\/wp\/v2\/comments?post=25"}],"version-history":[{"count":5,"href":"https:\/\/clicaclac.com\/index.php\/wp-json\/wp\/v2\/pages\/25\/revisions"}],"predecessor-version":[{"id":132,"href":"https:\/\/clicaclac.com\/index.php\/wp-json\/wp\/v2\/pages\/25\/revisions\/132"}],"wp:featuredmedia":[{"embeddable":true,"href":"https:\/\/clicaclac.com\/index.php\/wp-json\/wp\/v2\/media\/131"}],"wp:attachment":[{"href":"https:\/\/clicaclac.com\/index.php\/wp-json\/wp\/v2\/media?parent=25"}],"curies":[{"name":"wp","href":"https:\/\/api.w.org\/{rel}","templated":true}]}}